
Is 33370367 a multiple of 239?
False
Does 24 divide 59124786?
False
Is 17 a factor of 8832571?
True
Is 1044 a factor of 378550224?
True
Is 71040927 a multiple of 3?
True
Does 21 divide 16606484?
False
Does 24 divide 1912792342?
False
Is 290761916 a multiple of 9302?
True
Is 287 a factor of 134354516?
False
Is 3 a factor of 164079925?
False
Is 13 a factor of 194014925?
True
Does 95 divide 36939135?
True
Is 10 a factor of 52801720?
True
Does 650 divide 12812150?
True
Is 121 a factor of 28428958?
False
Is 1330 a factor of 4776485?
False
Does 307 divide 5181658?
False
Is 86350289 a multiple of 284?
False
Does 271 divide 1997812?
True
Is 481242960 a multiple of 1584?
True
Is 498 a factor of 16651626?
True
Is 33 a factor of 398601569?
False
Is 2166445671 a multiple of 4268?
False
Is 367601080 a multiple of 568?
True
Is 1337166073 a multiple of 611?
False
Is 507 a factor of 3495129?
False
Is 35050634 a multiple of 197?
True
Is 6648 a factor of 2530345103?
False
Is 36538830 a multiple of 363?
False
Is 85133002 a multiple of 912?
False
Is 156 a factor of 682753457?
False
Is 5189536032 a multiple of 16?
True
Does 206 divide 3706132523?
False
Does 281 divide 381651952?
True
Does 5 divide 6422031?
False
Is 6641130 a multiple of 1110?
True
Is 4934064000 a multiple of 128?
True
Is 1297 a factor of 58499347?
False
Is 90572834 a multiple of 143?
False
Does 556 divide 43128364?
True
Is 953 a factor of 34611054?
True
Is 270 a factor of 265519554?
False
Does 30 divide 3922108650?
True
Does 537 divide 26866025?
False
Is 446 a factor of 185218840?
False
Is 79664634 a multiple of 162?
True
Does 25 divide 619543126?
False
Is 187 a factor of 4038902982?
False
Is 2633385 a multiple of 391?
True
Is 229868594 a multiple of 9?
False
Is 320396894 a multiple of 181?
False
Is 1210478556 a multiple of 196?
True
Is 80 a factor of 293762960?
True
Is 187 a factor of 1774776?
False
Is 700299 a multiple of 223?
False
Is 18 a factor of 199478157?
False
Is 53 a factor of 917548748?
False
Is 415 a factor of 35426060?
True
Does 295 divide 176500565?
True
Is 125 a factor of 116088625?
True
Is 3119644291 a multiple of 307?
False
Is 238793402 a multiple of 15?
False
Is 44764461 a multiple of 2151?
True
Is 1593 a factor of 45932788?
False
Is 2123444421 a multiple of 6487?
False
Is 43 a factor of 17254083?
False
Is 892 a factor of 165933408?
True
Is 19 a factor of 195033970?
False
Is 190 a factor of 5801354?
False
Is 110929545 a multiple of 347?
False
Does 9511 divide 2317193463?
True
Is 74223116 a multiple of 284?
True
Does 847 divide 14609903?
True
Does 1172 divide 207037316?
True
Is 809080980 a multiple of 798?
False
Is 2695 a factor of 2830461308?
False
Does 4534 divide 2027740820?
True
Does 724 divide 97760996?
True
Does 1566 divide 216793908?
True
Is 144 a factor of 26095536?
True
Does 176 divide 533247263?
False
Does 511 divide 115553970?
False
Is 1443102796 a multiple of 16?
False
Is 16406925 a multiple of 849?
True
Is 5950976 a multiple of 236?
True
Does 2751 divide 2180874366?
False
Is 77884800 a multiple of 2562?
True
Does 168 divide 12452496?
True
Is 355659290 a multiple of 5?
True
Is 138 a factor of 1724725236?
False
Is 414704815 a multiple of 81?
False
Does 14 divide 83383733?
False
Is 563565027 a multiple of 48?
False
Does 30 divide 2407967579?
False
Is 34614430 a multiple of 4446?
False
Is 54097995 a multiple of 198?
False
Is 465310322 a multiple of 146?
True
Does 298 divide 300840075?
False
Does 11 divide 26023952?
False
Does 274 divide 801490004?
True
Is 447658640 a multiple of 176?
True
Does 28 divide 40344024?
True
Is 126193468 a multiple of 3499?
False
Does 4095 divide 110614984?
False
Does 108 divide 314416738?
False
Does 27 divide 2647514779?
False
Does 44 divide 1353471896?
False
Is 457929360 a multiple of 2408?
True
Is 15 a factor of 1749279?
False
Is 11948200 a multiple of 8?
True
Is 25 a factor of 217181795?
False
Is 43 a factor of 2082533?
True
Is 517 a factor of 12471074?
True
Is 129 a factor of 4828526889?
True
Does 892 divide 90430960?
True
Does 4041 divide 588526696?
False
Is 13301425 a multiple of 683?
True
Does 18 divide 562930290?
True
Does 2428 divide 46168420?
True
Does 299 divide 21294041?
False
Is 14505224 a multiple of 746?
True
Does 82 divide 50847531?
False
Does 7 divide 25505529?
True
Is 904 a factor of 18155936?
True
Does 106 divide 19548944?
True
Is 5677004 a multiple of 4?
True
Is 75596417 a multiple of 239?
True
Is 79984552 a multiple of 29?
True
Is 386544532 a multiple of 1058?
True
Is 1222681876 a multiple of 4901?
True
Is 57027159 a multiple of 43?
True
Is 6 a factor of 6448934?
False
Does 120 divide 111356884?
False
Does 7 divide 1126975141?
False
Is 179842727 a multiple of 989?
True
Is 5 a factor of 381957105?
True
Is 276477747 a multiple of 1519?
True
Is 474 a factor of 42236071?
False
Is 4 a factor of 355300?
True
Is 143871968 a multiple of 15?
False
Is 184228844 a multiple of 389?
True
Is 583 a factor of 1051745409?
True
Is 75 a factor of 728728950?
True
Is 44 a factor of 20193920?
False
Does 7 divide 18809791?
True
Is 160 a factor of 948813888?
False
Does 2128 divide 1087094673?
False
Is 1465 a factor of 148750002?
False
Is 995225602 a multiple of 14?
True
Is 315 a factor of 666897840?
True
Does 40 divide 40625120?
True
Is 795475063 a multiple of 3961?
False
Is 111 a factor of 98839062?
True
Does 1687 divide 61359564?
True
Does 4 divide 53746158?
False
Is 10993920 a multiple of 49?
False
Is 27381375 a multiple of 25?
True
Is 5 a factor of 22220744?
False
Is 119 a factor of 145452884?
False
Is 1584 a factor of 3530768533?
False
Is 518922064 a multiple of 776?
True
Is 473 a factor of 32651368?
False
Is 228160836 a multiple of 18?
True
Does 3 divide 524547?
True
Is 32453837 a multiple of 2?
False
Is 640210533 a multiple of 378?
False
Is 164475038 a multiple of 91?
True
Is 5541 a factor of 97083398?
False
Is 19825397 a multiple of 20?
False
Is 927304116 a multiple of 186?
True
Is 656703862 a multiple of 3301?
False
Is 58908309 a multiple of 1891?
False
Does 13 divide 10034921?
True
Is 115745792 a multiple of 34?
True
Is 6 a factor of 53381856?
True
Does 16 divide 1219962672?
True
Is 2799 a factor of 52705170?
True
Does 525 divide 2467334625?
True
Is 53273772 a multiple of 587?
True
Is 8127372 a multiple of 11?
True
Does 8 divide 16405447?
False
Does 25 divide 64866850?
True
Is 37272984 a multiple of 3192?
True
Does 1665 divide 116318565?
True
Is 5545033134 a multiple of 1686?
True
Is 26443099 a multiple of 802?
False
Is 500 a factor of 114812481?
False
Does 7 divide 26351963?
False
Is 5 a factor of 105850?
True
Is 14 a factor of 23985762?
False
Does 118 divide 594000082?
True
Is 127433628 a multiple of 236?
True
Is 37668886 a multiple of 83?
True
Does 65 divide 1282190?
True
Is 792330920 a multiple of 1060?
True
Is 729 a factor of 22899831?
False
Does 4094 divide 2419034062?
True
Is 34 a factor of 7728852970?
True
Is 442 a factor of 166579710?
False
Is 1426 a factor of 60530973?
False
Is 5367817 a multiple of 164?
False
Is 33 a factor of 56066406?
True
Is 12091654 a multiple of 2374?
False
Is 75 a factor of 110922652?
False
Is 2812524 a multiple of 363?
True
Is 10 a factor of 12946444?
False
Is 30506268 a multiple of 1132?
True
Does 24 divide 41001598?
False
Does 913 divide 567084953?
False
Is 31245463 a multiple of 852?
False
Is 3399 a factor of 695950960?
False
Is 8 a factor of 296550344?
True
Is 1632342824 a multiple of 11?
False
Is 1826608963 a multiple of 505?
False
Does 278 divide 130075088?
True
Is 68799995 a multiple of 384?
False
Is 886 a factor of 177130694?
False
Is 22 a factor of 2840446180?
True
Is 13928603 a multiple of 3137?
False
Is 304 a factor of 304035872?
True
Is 881809263 a multiple of 3897?
True
Does 17 divide 91564066?
False
Is 142170481 a multiple of 21?
False
Does 1523 divide 19319255?
True
Is 3481 a factor of 259384020?
False
Does 6 divide 75105335?
False
Is 442519866 a multiple of 9?
True
Is 14 a factor of 100349139?
False
Is 301757496 a multiple of 2642?
False
Is 20 a factor of 25408419?
False
Is 552 a factor of 2739543984?
True
Is 37 a factor of 56526395?
False
Does 34 divide 11472926?
True
Is 94198959 a multiple of 103?
True
Is 3253008 a multiple of 366?
True
Does 308 divide 240627274?
False
Does 264 d